{"id":4362,"date":"2024-04-07T07:05:20","date_gmt":"2024-04-07T07:05:20","guid":{"rendered":"https:\/\/wordpress.themeholy.com\/webteck\/?page_id=4362"},"modified":"2024-10-19T08:31:57","modified_gmt":"2024-10-19T08:31:57","slug":"gds-homepage","status":"publish","type":"page","link":"https:\/\/gds-business-intelligence.de\/","title":{"rendered":"GDS Homepage"},"content":{"rendered":"\t\t<div data-elementor-type=\"wp-page\" data-elementor-id=\"4362\" class=\"elementor elementor-4362\">\n\t\t\t\t<div class=\"elementor-element elementor-element-70af1b23 e-con-full e-flex e-con e-parent\" data-id=\"70af1b23\" data-element_type=\"container\" data-e-type=\"container\">\n\t\t\t\t<div class=\"elementor-element elementor-element-4c2c41c9 elementor-widget elementor-widget-tragabannerv3\" data-id=\"4c2c41c9\" data-element_type=\"widget\" data-e-type=\"widget\" data-widget_type=\"tragabannerv3.default\">\n\t\t\t\t<div class=\"elementor-widget-container\">\n\t\t\t\t\t<div class=\"th-hero-wrapper hero-10\" id=\"hero\"><div class=\"container th-container4\"><div class=\"row align-items-end\"><div class=\"col-xl-7\"><div class=\"hero-style10\"><h1 class=\"hero-title th-head\">Schaffen Sie<span>Klarheit im<\/span> <span class=\"text-theme fw-normal\"> Datenchaos<\/span><\/h1><p class=\"hero-text\">Unkontrolliertes Datenchaos kostet Zeit, Geld und Ressourcen. Wir befreien Ihre Daten von Chaos und schaffen so eine solide Grundlage f\u00fcr Innovationen und nachhaltiges Wachstum.<\/p><div class=\"btn-group\"><a href=\"https:\/\/gds-business-intelligence.de\/?page_id=967\" class=\"th-btn style8\">Kontakt<\/a><\/div><\/div><\/div><div class=\"col-xl-5\"><div class=\"th-hero-img\"><img decoding=\"async\" src=\"https:\/\/gds-business-intelligence.de\/wp-content\/uploads\/2024\/08\/datachaosman.png\" alt=\"\"><div class=\"hero-line1\"><\/div><div class=\"hero-line2\"><\/div><div class=\"hero10-shape\"><img decoding=\"async\" src=\"https:\/\/wordpress.themeholy.com\/webteck\/wp-content\/uploads\/2024\/04\/hero10_shape.png\" alt=\"\"><\/div><\/div><\/div><\/div><\/div><\/div>\t\t\t\t<\/div>\n\t\t\t\t<\/div>\n\t\t\t\t<\/div>\n\t\t<div class=\"elementor-element elementor-element-23c44782 e-con-full e-flex e-con e-parent\" data-id=\"23c44782\" data-element_type=\"container\" data-e-type=\"container\">\n\t\t\t\t<div class=\"elementor-element elementor-element-4323e805 elementor-widget elementor-widget-webteckfeatures\" data-id=\"4323e805\" data-element_type=\"widget\" data-e-type=\"widget\" data-widget_type=\"webteckfeatures.default\">\n\t\t\t\t<div class=\"elementor-widget-container\">\n\t\t\t\t\t<div class=\"feature-area3 overflow-hidden\"><div class=\"container th-container4\"><div class=\"choose-feature2-wrap\"><div class=\"choose-feature2\"><div class=\"box-icon\"><img decoding=\"async\" src=\"https:\/\/gds-business-intelligence.de\/wp-content\/uploads\/2024\/08\/Entscheidung.png\" alt=\"GDS%20Business%20Intelligence%20Website\"  \/><\/div><div class=\"choose-feature2_content\"><h3 class=\"box-title title-selector\">Verbesserte Entscheidungsfindung<\/h3><p class=\"choose-feature2_text desc-selector\">Durch eine klare und strukturierte Datenbasis k\u00f6nnen fundierte, aktuelle und konsistente Informationen bereitgestellt werden. Dies erleichtert es, pr\u00e4zise Entscheidungen zu treffen, was die strategische Ausrichtung und das operative Gesch\u00e4ft positiv unterst\u00fctzt.<\/p><\/div><\/div><div class=\"divider\"><\/div><div class=\"choose-feature2\"><div class=\"box-icon\"><img decoding=\"async\" src=\"https:\/\/gds-business-intelligence.de\/wp-content\/uploads\/2024\/08\/Kosten.png\" alt=\"GDS%20Business%20Intelligence%20Website\"  \/><\/div><div class=\"choose-feature2_content\"><h3 class=\"box-title title-selector\">Effizienz und Einsparungen<\/h3><p class=\"choose-feature2_text desc-selector\">Eine gut organisierte und leicht zug\u00e4ngliche Datenstruktur erm\u00f6glicht es den Mitarbeitern, ben\u00f6tigte Informationen schnell und effizient zu finden und zu nutzen. Dadurch werden Arbeitsprozesse beschleunigt und Betriebskosten gesenkt.<\/p><\/div><\/div><div class=\"divider\"><\/div><div class=\"choose-feature2\"><div class=\"box-icon\"><img decoding=\"async\" src=\"https:\/\/gds-business-intelligence.de\/wp-content\/uploads\/2024\/08\/Compliance.png\" alt=\"GDS%20Business%20Intelligence%20Website\"  \/><\/div><div class=\"choose-feature2_content\"><h3 class=\"box-title title-selector\">Sicherstellung der Compliance<\/h3><p class=\"choose-feature2_text desc-selector\">Eine strukturierte und ordnungsgem\u00e4\u00dfe Datenverwaltung erleichtert es Unternehmen, regulatorische Anforderungen problemlos zu erf\u00fcllen, insbesondere im Bereich Datenschutz und Datensicherheit. Dies sch\u00fctzt vor rechtlichen Risiken, Geldstrafen und st\u00e4rkt die Reputation des Unternehmens.<\/p><\/div><\/div><div class=\"divider\"><\/div><\/div> <\/div><\/div>\t\t\t\t<\/div>\n\t\t\t\t<\/div>\n\t\t\t\t<\/div>\n\t\t<div class=\"elementor-element elementor-element-35d7b4db e-flex e-con-boxed e-con e-parent\" data-id=\"35d7b4db\" data-element_type=\"container\" data-e-type=\"container\" id=\"about\">\n\t\t\t\t\t<div class=\"e-con-inner\">\n\t\t<div class=\"elementor-element elementor-element-15108fa7 e-con-full e-flex e-con e-child\" data-id=\"15108fa7\" data-element_type=\"container\" data-e-type=\"container\">\n\t\t\t\t<div class=\"elementor-element elementor-element-25539695 elementor-widget elementor-widget-image\" data-id=\"25539695\" data-element_type=\"widget\" data-e-type=\"widget\" data-widget_type=\"image.default\">\n\t\t\t\t<div class=\"elementor-widget-container\">\n\t\t\t\t\t\t\t\t\t\t\t\t\t\t\t<img fetchpriority=\"high\" decoding=\"async\" width=\"751\" height=\"501\" src=\"https:\/\/gds-business-intelligence.de\/wp-content\/uploads\/2024\/08\/VNU_M552_03-1024x683.png\" class=\"attachment-large size-large wp-image-7211\" alt=\"\" srcset=\"https:\/\/gds-business-intelligence.de\/wp-content\/uploads\/2024\/08\/VNU_M552_03-1024x683.png 1024w, https:\/\/gds-business-intelligence.de\/wp-content\/uploads\/2024\/08\/VNU_M552_03-300x200.png 300w, https:\/\/gds-business-intelligence.de\/wp-content\/uploads\/2024\/08\/VNU_M552_03-768x512.png 768w, https:\/\/gds-business-intelligence.de\/wp-content\/uploads\/2024\/08\/VNU_M552_03-1536x1024.png 1536w, https:\/\/gds-business-intelligence.de\/wp-content\/uploads\/2024\/08\/VNU_M552_03-2048x1365.png 2048w, https:\/\/gds-business-intelligence.de\/wp-content\/uploads\/2024\/08\/VNU_M552_03-600x400.png 600w\" sizes=\"(max-width: 751px) 100vw, 751px\" \/>\t\t\t\t\t\t\t\t\t\t\t\t\t\t\t<\/div>\n\t\t\t\t<\/div>\n\t\t\t\t<\/div>\n\t\t<div class=\"elementor-element elementor-element-6f90c04a e-con-full e-flex e-con e-child\" data-id=\"6f90c04a\" data-element_type=\"container\" data-e-type=\"container\">\n\t\t\t\t<div class=\"elementor-element elementor-element-46da1e72 elementor-widget__width-initial elementor-widget-mobile__width-inherit elementor-widget elementor-widget-webtecksectiontitle\" data-id=\"46da1e72\" data-element_type=\"widget\" data-e-type=\"widget\" data-widget_type=\"webtecksectiontitle.default\">\n\t\t\t\t<div class=\"elementor-widget-container\">\n\t\t\t\t\t<div class=\"title-area mb-25\" ><span class=\"sub-title sub-title3 style1 subtitle-selector\">\u00dcber uns<\/span><h2 class=\" sec-title mb-20   title-selector\">Effiziente Datenl\u00f6sungen f\u00fcr nachhaltiges Wachstum und Wettbewerbsvorteile<\/h2><p class=\"desc-selector\">Wir helfen Ihrem Unternehmen, durch ma\u00dfgeschneiderte Datenl\u00f6sungen effizienter zu arbeiten und langfristiges Wachstum zu sichern. Unsere Expertise im Datenmanagement erm\u00f6glicht es Ihnen, wertvolle Einblicke zu gewinnen und fundierte Entscheidungen zu treffen, die Ihnen einen entscheidenden Wettbewerbsvorteil verschaffen. Mit uns optimieren Sie Ihre Prozesse, steigern die Produktivit\u00e4t und legen den Grundstein f\u00fcr nachhaltigen Erfolg.<\/p><\/div>\t\t\t\t<\/div>\n\t\t\t\t<\/div>\n\t\t\t\t<div class=\"elementor-element elementor-element-b96d947 elementor-widget elementor-widget-text-editor\" data-id=\"b96d947\" data-element_type=\"widget\" data-e-type=\"widget\" data-widget_type=\"text-editor.default\">\n\t\t\t\t<div class=\"elementor-widget-container\">\n\t\t\t\t\t\t\t\t\t<div class=\"checklist style4 mb-40 list-two-column\">\n<ul>\n \t<li><img decoding=\"async\" src=\"https:\/\/wordpress.themeholy.com\/webteck\/wp-content\/uploads\/2024\/04\/check_1_1.png\" alt=\"icon\" \/> Spezialisierung auf Microsoft Technologie<\/li>\n \t<li><img decoding=\"async\" src=\"https:\/\/wordpress.themeholy.com\/webteck\/wp-content\/uploads\/2024\/04\/check_1_1.png\" alt=\"icon\" \/> Langj\u00e4hrige Erfahrung<\/li>\n \t<li><img decoding=\"async\" src=\"https:\/\/wordpress.themeholy.com\/webteck\/wp-content\/uploads\/2024\/04\/check_1_1.png\" alt=\"icon\" \/> Annerkante Expertise<\/li>\n \t<li><img decoding=\"async\" src=\"https:\/\/wordpress.themeholy.com\/webteck\/wp-content\/uploads\/2024\/04\/check_1_1.png\" alt=\"icon\" \/> Individuelle Beratung<\/li>\n \t<li><img decoding=\"async\" src=\"https:\/\/wordpress.themeholy.com\/webteck\/wp-content\/uploads\/2024\/04\/check_1_1.png\" alt=\"icon\" \/> Internationale Pr\u00e4senz<\/li>\n \t<li><img decoding=\"async\" src=\"https:\/\/wordpress.themeholy.com\/webteck\/wp-content\/uploads\/2024\/04\/check_1_1.png\" alt=\"icon\" \/> Innovationskraft<\/li>\n \t<li><img decoding=\"async\" src=\"https:\/\/wordpress.themeholy.com\/webteck\/wp-content\/uploads\/2024\/04\/check_1_1.png\" alt=\"icon\" \/> Zertifizierte Experten<\/li>\n \t<li><img decoding=\"async\" src=\"https:\/\/wordpress.themeholy.com\/webteck\/wp-content\/uploads\/2024\/04\/check_1_1.png\" alt=\"icon\" \/> Kundenzufriedenheit<\/li>\n \t<li><img decoding=\"async\" src=\"https:\/\/wordpress.themeholy.com\/webteck\/wp-content\/uploads\/2024\/04\/check_1_1.png\" alt=\"icon\" \/> Umfassendes Dienstleistungsspektrum<\/li>\n \t<li><img decoding=\"async\" src=\"https:\/\/wordpress.themeholy.com\/webteck\/wp-content\/uploads\/2024\/04\/check_1_1.png\" alt=\"icon\" \/> Engagement f\u00fcr Qualit\u00e4t<\/li>\n<\/ul>\n<\/div>\t\t\t\t\t\t\t\t<\/div>\n\t\t\t\t<\/div>\n\t\t\t\t<div class=\"elementor-element elementor-element-6e98ac97 elementor-widget elementor-widget-webteckbutton\" data-id=\"6e98ac97\" data-element_type=\"widget\" data-e-type=\"widget\" data-widget_type=\"webteckbutton.default\">\n\t\t\t\t<div class=\"elementor-widget-container\">\n\t\t\t\t\t<!-- Button --><div class=\"btn-wrapper left\"><\/div><!-- End Button -->\t\t\t\t<\/div>\n\t\t\t\t<\/div>\n\t\t\t\t<\/div>\n\t\t\t\t\t<\/div>\n\t\t\t\t<\/div>\n\t\t<div class=\"elementor-element elementor-element-370f5f2a e-con-full e-flex e-con e-parent\" data-id=\"370f5f2a\" data-element_type=\"container\" data-e-type=\"container\" id=\"services\" data-settings=\"{&quot;background_background&quot;:&quot;classic&quot;}\">\n\t\t<div class=\"elementor-element elementor-element-4fd53d66 e-flex e-con-boxed e-con e-child\" data-id=\"4fd53d66\" data-element_type=\"container\" data-e-type=\"container\">\n\t\t\t\t\t<div class=\"e-con-inner\">\n\t\t\t\t<div class=\"elementor-element elementor-element-a3ba89d elementor-widget-tablet__width-inherit elementor-widget elementor-widget-webtecksectiontitle\" data-id=\"a3ba89d\" data-element_type=\"widget\" data-e-type=\"widget\" data-widget_type=\"webtecksectiontitle.default\">\n\t\t\t\t<div class=\"elementor-widget-container\">\n\t\t\t\t\t<div class=\"title-area\" ><span class=\"sub-title sub-title3 subtitle-selector\">Unsere Dienstleistungen<\/span><h2 class=\" sec-title   title-selector\">Wir bieten Datenl\u00f6sungen auf\nWeltklasseniveau<\/h2><\/div>\t\t\t\t<\/div>\n\t\t\t\t<\/div>\n\t\t\t\t\t<\/div>\n\t\t\t\t<\/div>\n\t\t<div class=\"elementor-element elementor-element-7fdda17e e-flex e-con-boxed e-con e-child\" data-id=\"7fdda17e\" data-element_type=\"container\" data-e-type=\"container\">\n\t\t\t\t\t<div class=\"e-con-inner\">\n\t\t\t\t<div class=\"elementor-element elementor-element-ea49194 elementor-widget elementor-widget-webteckservices\" data-id=\"ea49194\" data-element_type=\"widget\" data-e-type=\"widget\" data-widget_type=\"webteckservices.default\">\n\t\t\t\t<div class=\"elementor-widget-container\">\n\t\t\t\t\t<div class=\"row gy-4 justify-content-between align-items-center\"><div class=\"col-md-6 col-xl-3\"><div class=\"service-box3\"><div class=\"service-box3_content\"><div class=\"service-box3_icon\"><img decoding=\"async\" src=\"https:\/\/gds-business-intelligence.de\/wp-content\/uploads\/2024\/08\/Konsolidierung.png\" alt=\"GDS%20Business%20Intelligence%20Website\"  \/><\/div><h3 class=\"box-title title-selector\"><a href=\"https:\/\/gds-business-intelligence.de\/?page_id=7368\">Datenintegration und Konsolidierung<\/a><\/h3><p class=\"service-box3_text desc-selector\">\nWir integrieren und konsolidieren Ihre Daten f\u00fcr eine einheitliche und effiziente Nutzung.<\/p><a href=\"https:\/\/gds-business-intelligence.de\/?page_id=7368\" class=\"line-btn\">Details<i class=\"fa-regular fa-arrow-right\"><\/i><\/a><\/div><\/div><\/div><div class=\"col-md-6 col-xl-3\"><div class=\"service-box3\"><div class=\"service-box3_content\"><div class=\"service-box3_icon\"><img decoding=\"async\" src=\"https:\/\/gds-business-intelligence.de\/wp-content\/uploads\/2024\/08\/Datenbereinigung.png\" alt=\"GDS%20Business%20Intelligence%20Website\"  \/><\/div><h3 class=\"box-title title-selector\"><a href=\"http:\/\/localhost\/?page_id=7540\">Datenbereinigung und -validierung\n<\/a><\/h3><p class=\"service-box3_text desc-selector\">Wir sorgen f\u00fcr zuverl\u00e4ssige Daten durch pr\u00e4zise Bereinigung und Validierung.<\/p><a href=\"http:\/\/localhost\/?page_id=7540\" class=\"line-btn\">Details<i class=\"fa-regular fa-arrow-right\"><\/i><\/a><\/div><\/div><\/div><div class=\"col-md-6 col-xl-3\"><div class=\"service-box3\"><div class=\"service-box3_content\"><div class=\"service-box3_icon\"><img decoding=\"async\" src=\"https:\/\/gds-business-intelligence.de\/wp-content\/uploads\/2024\/08\/Datenmodellierung.png\" alt=\"GDS%20Business%20Intelligence%20Website\"  \/><\/div><h3 class=\"box-title title-selector\"><a href=\"https:\/\/gds-business-intelligence.de\/?page_id=7549\">Datenmodellierung                                              <\/a><\/h3><p class=\"service-box3_text desc-selector\">Wir entwickeln pr\u00e4zise und performante Datenmodelle, die als Grundlage f\u00fcr fundierte Gesch\u00e4ftsentscheidungen dienen.<\/p><a href=\"https:\/\/gds-business-intelligence.de\/?page_id=7549\" class=\"line-btn\">Details<i class=\"fa-regular fa-arrow-right\"><\/i><\/a><\/div><\/div><\/div><div class=\"col-md-6 col-xl-3\"><div class=\"service-box3\"><div class=\"service-box3_content\"><div class=\"service-box3_icon\"><img decoding=\"async\" src=\"https:\/\/gds-business-intelligence.de\/wp-content\/uploads\/2024\/08\/BILoesung.png\" alt=\"GDS%20Business%20Intelligence%20Website\"  \/><\/div><h3 class=\"box-title title-selector\"><a href=\"https:\/\/gds-business-intelligence.de\/?page_id=7601\">Implementierung von \nBI-L\u00f6sungen<\/a><\/h3><p class=\"service-box3_text desc-selector\">Wir setzen BI-L\u00f6sungen um, die Ihre Daten in wertvolle Einblicke verwandeln.<\/p><a href=\"https:\/\/gds-business-intelligence.de\/?page_id=7601\" class=\"line-btn\">Details<i class=\"fa-regular fa-arrow-right\"><\/i><\/a><\/div><\/div><\/div><div class=\"col-md-6 col-xl-3\"><div class=\"service-box3\"><div class=\"service-box3_content\"><div class=\"service-box3_icon\"><img decoding=\"async\" src=\"https:\/\/gds-business-intelligence.de\/wp-content\/uploads\/2024\/08\/Datenmanagement.png\" alt=\"GDS%20Business%20Intelligence%20Website\"  \/><\/div><h3 class=\"box-title title-selector\"><a href=\"https:\/\/gds-business-intelligence.de\/?page_id=7618\">Datenmanagement-Strategie<\/a><\/h3><p class=\"service-box3_text desc-selector\">Wir entwerfen Strategien, um Ihr Datenmanagement auf das n\u00e4chste Level zu heben.<\/p><a href=\"https:\/\/gds-business-intelligence.de\/?page_id=7618\" class=\"line-btn\">Details<i class=\"fa-regular fa-arrow-right\"><\/i><\/a><\/div><\/div><\/div><div class=\"col-md-6 col-xl-3\"><div class=\"service-box3\"><div class=\"service-box3_content\"><div class=\"service-box3_icon\"><img decoding=\"async\" src=\"https:\/\/gds-business-intelligence.de\/wp-content\/uploads\/2024\/08\/Schulung.png\" alt=\"GDS%20Business%20Intelligence%20Website\"  \/><\/div><h3 class=\"box-title title-selector\"><a href=\"https:\/\/gds-business-intelligence.de\/?page_id=7635\">Schulung und Unterst\u00fctzung<\/a><\/h3><p class=\"service-box3_text desc-selector\">Wir bieten ma\u00dfgeschneiderte Schulungen und Unterst\u00fctzung zu Datenl\u00f6sungen an.<\/p><a href=\"https:\/\/gds-business-intelligence.de\/?page_id=7635\" class=\"line-btn\">Details<i class=\"fa-regular fa-arrow-right\"><\/i><\/a><\/div><\/div><\/div><div class=\"col-md-6 col-xl-3\"><div class=\"service-box3\"><div class=\"service-box3_content\"><div class=\"service-box3_icon\"><img decoding=\"async\" src=\"https:\/\/gds-business-intelligence.de\/wp-content\/uploads\/2024\/08\/Visualisierung.png\" alt=\"GDS%20Business%20Intelligence%20Website\"  \/><\/div><h3 class=\"box-title title-selector\"><a href=\"https:\/\/gds-business-intelligence.de\/?page_id=7649\">Datenanalyse und Visualisierung\n<\/a><\/h3><p class=\"service-box3_text desc-selector\">Wir verwandeln Ihre Daten in klare, aussagekr\u00e4ftige Analysen und Visualisierungen.<\/p><a href=\"https:\/\/gds-business-intelligence.de\/?page_id=7649\" class=\"line-btn\">Details<i class=\"fa-regular fa-arrow-right\"><\/i><\/a><\/div><\/div><\/div><div class=\"col-md-6 col-xl-3\"><div class=\"service-box3\"><div class=\"service-box3_content\"><div class=\"service-box3_icon\"><img decoding=\"async\" src=\"https:\/\/gds-business-intelligence.de\/wp-content\/uploads\/2024\/08\/Migration.png\" alt=\"GDS%20Business%20Intelligence%20Website\"  \/><\/div><h3 class=\"box-title title-selector\"><a href=\"https:\/\/gds-business-intelligence.de\/?page_id=7670\">Datenmigration<\/a><\/h3><p class=\"service-box3_text desc-selector\">Wir gew\u00e4hrleisten eine nahtlose und sichere Migration Ihrer Daten auf moderne Plattformen und in die Cloud.<\/p><a href=\"https:\/\/gds-business-intelligence.de\/?page_id=7670\" class=\"line-btn\">Details<i class=\"fa-regular fa-arrow-right\"><\/i><\/a><\/div><\/div><\/div><div class=\"col-md-6 col-xl-3\"><div class=\"service-box3\"><div class=\"service-box3_content\"><div class=\"service-box3_icon\"><img decoding=\"async\" src=\"https:\/\/gds-business-intelligence.de\/wp-content\/uploads\/2024\/08\/Datenqualitat.png\" alt=\"GDS%20Business%20Intelligence%20Website\"  \/><\/div><h3 class=\"box-title title-selector\"><a href=\"https:\/\/gds-business-intelligence.de\/?page_id=7687\">Datenqualit\u00e4tssicherung<\/a><\/h3><p class=\"service-box3_text desc-selector\">Wir stellen sicher, dass Ihre Daten pr\u00e4zise, konsistent und verl\u00e4sslich sind.<\/p><a href=\"https:\/\/gds-business-intelligence.de\/?page_id=7687\" class=\"line-btn\">Details<i class=\"fa-regular fa-arrow-right\"><\/i><\/a><\/div><\/div><\/div><div class=\"col-md-6 col-xl-3\"><div class=\"service-box3\"><div class=\"service-box3_content\"><div class=\"service-box3_icon\"><img decoding=\"async\" src=\"https:\/\/gds-business-intelligence.de\/wp-content\/uploads\/2024\/08\/Architektur.png\" alt=\"GDS%20Business%20Intelligence%20Website\"  \/><\/div><h3 class=\"box-title title-selector\"><a href=\"https:\/\/gds-business-intelligence.de\/?page_id=7707\">Datenarchitektur und -strategie<\/a><\/h3><p class=\"service-box3_text desc-selector\">Wir entwickeln eine zukunftssichere Datenarchitektur.<\/p><a href=\"https:\/\/gds-business-intelligence.de\/?page_id=7707\" class=\"line-btn\">Details<i class=\"fa-regular fa-arrow-right\"><\/i><\/a><\/div><\/div><\/div><div class=\"col-md-6 col-xl-3\"><div class=\"service-box3\"><div class=\"service-box3_content\"><div class=\"service-box3_icon\"><img decoding=\"async\" src=\"https:\/\/gds-business-intelligence.de\/wp-content\/uploads\/2024\/08\/BIConsultig.png\" alt=\"GDS%20Business%20Intelligence%20Website\"  \/><\/div><h3 class=\"box-title title-selector\"><a href=\"https:\/\/gds-business-intelligence.de\/?page_id=7728\">Business Intelligence Consulting<\/a><\/h3><p class=\"service-box3_text desc-selector\">Wir beraten Sie umfassend, um Ihre BI auf ein neues Level zu heben.<\/p><a href=\"https:\/\/gds-business-intelligence.de\/?page_id=7728\" class=\"line-btn\">Details<i class=\"fa-regular fa-arrow-right\"><\/i><\/a><\/div><\/div><\/div><div class=\"col-md-6 col-xl-3\"><div class=\"service-box3\"><div class=\"service-box3_content\"><div class=\"service-box3_icon\"><img decoding=\"async\" src=\"https:\/\/gds-business-intelligence.de\/wp-content\/uploads\/2024\/08\/Cloud.png\" alt=\"GDS%20Business%20Intelligence%20Website\"  \/><\/div><h3 class=\"box-title title-selector\"><a href=\"https:\/\/gds-business-intelligence.de\/?page_id=7746\">Cloudbasierte Datenl\u00f6sungen<\/a><\/h3><p class=\"service-box3_text desc-selector\">Wir bieten skalierbare, cloudbasierte Datenl\u00f6sungen.<\/p><a href=\"https:\/\/gds-business-intelligence.de\/?page_id=7746\" class=\"line-btn\">Details<i class=\"fa-regular fa-arrow-right\"><\/i><\/a><\/div><\/div><\/div><\/div>\t\t\t\t<\/div>\n\t\t\t\t<\/div>\n\t\t\t\t\t<\/div>\n\t\t\t\t<\/div>\n\t\t\t\t<\/div>\n\t\t<div class=\"elementor-element elementor-element-1ca70ddc e-flex e-con-boxed e-con e-parent\" data-id=\"1ca70ddc\" data-element_type=\"container\" data-e-type=\"container\" id=\"why\">\n\t\t\t\t\t<div class=\"e-con-inner\">\n\t\t<div class=\"elementor-element elementor-element-3f0eb3f5 e-con-full e-flex e-con e-child\" data-id=\"3f0eb3f5\" data-element_type=\"container\" data-e-type=\"container\">\n\t\t\t\t<div class=\"elementor-element elementor-element-31a67ab elementor-widget__width-initial elementor-widget-mobile__width-inherit elementor-widget elementor-widget-webtecksectiontitle\" data-id=\"31a67ab\" data-element_type=\"widget\" data-e-type=\"widget\" data-widget_type=\"webtecksectiontitle.default\">\n\t\t\t\t<div class=\"elementor-widget-container\">\n\t\t\t\t\t<div class=\"title-area mb-25\" ><span class=\"sub-title sub-title3 style1 subtitle-selector\">Warum GDS?<\/span><h2 class=\" sec-title mb-20   title-selector\">Mit uns werden Ihre Daten zum Motor Ihres Erfolgs<\/h2><p class=\"desc-selector\">Entscheiden Sie sich f\u00fcr GDS Business Intelligence GmbH, weil wir mehr bieten als nur umfassende Expertise in Datenmanagement, Business Intelligence und Cloud-Technologien. Wir entwickeln ma\u00dfgeschneiderte L\u00f6sungen, die perfekt auf die spezifischen Bed\u00fcrfnisse und Herausforderungen Ihres Unternehmens abgestimmt sind. Wir nehmen uns die Zeit, Ihre Gesch\u00e4ftsziele wirklich zu verstehen, und arbeiten eng mit Ihnen zusammen, um innovative Strategien zu entwickeln, die das volle Potenzial Ihrer Daten entfalten. Unser unerm\u00fcdlicher Fokus auf Qualit\u00e4t, Effizienz und Kundenzufriedenheit gew\u00e4hrleistet, dass Sie klare, datengest\u00fctzte Entscheidungen treffen k\u00f6nnen, die Ihr Unternehmen voranbringen und Ihnen einen dauerhaften Wettbewerbsvorteil sichern.<\/p><\/div>\t\t\t\t<\/div>\n\t\t\t\t<\/div>\n\t\t\t\t<div class=\"elementor-element elementor-element-2386d52e elementor-widget elementor-widget-text-editor\" data-id=\"2386d52e\" data-element_type=\"widget\" data-e-type=\"widget\" data-widget_type=\"text-editor.default\">\n\t\t\t\t<div class=\"elementor-widget-container\">\n\t\t\t\t\t\t\t\t\t<div class=\"checklist style4 choose-checklist list-two-column\"><ul><li><i class=\"fa-light fa-square-check\"><\/i>Ma\u00dfgeschneiderte L\u00f6sungen<\/li><li><i class=\"fa-light fa-square-check\"><\/i>Hohe Datenqualit\u00e4t<\/li><li><i class=\"fa-light fa-square-check\"><\/i>Innovative Technologien<\/li><li><i class=\"fa-light fa-square-check\"><\/i>Effiziente Integration<\/li><li><i class=\"fa-light fa-square-check\"><\/i>Fundierte Analysen<\/li><li><i class=\"fa-light fa-square-check\"><\/i>Langfristige Unterst\u00fctzung<\/li><\/ul><\/div>\t\t\t\t\t\t\t\t<\/div>\n\t\t\t\t<\/div>\n\t\t\t\t<\/div>\n\t\t<div class=\"elementor-element elementor-element-2594b1f e-con-full e-flex e-con e-child\" data-id=\"2594b1f\" data-element_type=\"container\" data-e-type=\"container\">\n\t\t\t\t<div class=\"elementor-element elementor-element-6688ea1f elementor-widget elementor-widget-image\" data-id=\"6688ea1f\" data-element_type=\"widget\" data-e-type=\"widget\" data-widget_type=\"image.default\">\n\t\t\t\t<div class=\"elementor-widget-container\">\n\t\t\t\t\t\t\t\t\t\t\t\t\t\t\t<img decoding=\"async\" width=\"2880\" height=\"2436\" src=\"https:\/\/gds-business-intelligence.de\/wp-content\/uploads\/2024\/08\/VNU_M552_10.png\" class=\"attachment-full size-full wp-image-7560\" alt=\"\" srcset=\"https:\/\/gds-business-intelligence.de\/wp-content\/uploads\/2024\/08\/VNU_M552_10.png 2880w, https:\/\/gds-business-intelligence.de\/wp-content\/uploads\/2024\/08\/VNU_M552_10-300x254.png 300w, https:\/\/gds-business-intelligence.de\/wp-content\/uploads\/2024\/08\/VNU_M552_10-1024x866.png 1024w, https:\/\/gds-business-intelligence.de\/wp-content\/uploads\/2024\/08\/VNU_M552_10-768x650.png 768w, https:\/\/gds-business-intelligence.de\/wp-content\/uploads\/2024\/08\/VNU_M552_10-1536x1299.png 1536w, https:\/\/gds-business-intelligence.de\/wp-content\/uploads\/2024\/08\/VNU_M552_10-2048x1732.png 2048w, https:\/\/gds-business-intelligence.de\/wp-content\/uploads\/2024\/08\/VNU_M552_10-600x508.png 600w\" sizes=\"(max-width: 2880px) 100vw, 2880px\" \/>\t\t\t\t\t\t\t\t\t\t\t\t\t\t\t<\/div>\n\t\t\t\t<\/div>\n\t\t\t\t<\/div>\n\t\t\t\t\t<\/div>\n\t\t\t\t<\/div>\n\t\t\t\t<\/div>\n\t\t","protected":false},"excerpt":{"rendered":"<p>Schaffen SieKlarheit im Datenchaos Unkontrolliertes Datenchaos kostet Zeit, Geld und Ressourcen. Wir befreien Ihre Daten von Chaos und schaffen so eine solide Grundlage f\u00fcr Innovationen und nachhaltiges Wachstum. Kontakt Verbesserte Entscheidungsfindung Durch eine klare und strukturierte Datenbasis k\u00f6nnen fundierte, aktuelle und konsistente Informationen bereitgestellt werden. Dies erleichtert es, pr\u00e4zise Entscheidungen zu treffen, was die strategische&#8230;<\/p>\n","protected":false},"author":1,"featured_media":0,"parent":0,"menu_order":0,"comment_status":"closed","ping_status":"closed","template":"template-builder.php","meta":{"footnotes":""},"class_list":["post-4362","page","type-page","status-publish","hentry"],"_links":{"self":[{"href":"https:\/\/gds-business-intelligence.de\/index.php?rest_route=\/wp\/v2\/pages\/4362","targetHints":{"allow":["GET"]}}],"collection":[{"href":"https:\/\/gds-business-intelligence.de\/index.php?rest_route=\/wp\/v2\/pages"}],"about":[{"href":"https:\/\/gds-business-intelligence.de\/index.php?rest_route=\/wp\/v2\/types\/page"}],"author":[{"embeddable":true,"href":"https:\/\/gds-business-intelligence.de\/index.php?rest_route=\/wp\/v2\/users\/1"}],"replies":[{"embeddable":true,"href":"https:\/\/gds-business-intelligence.de\/index.php?rest_route=%2Fwp%2Fv2%2Fcomments&post=4362"}],"version-history":[{"count":155,"href":"https:\/\/gds-business-intelligence.de\/index.php?rest_route=\/wp\/v2\/pages\/4362\/revisions"}],"predecessor-version":[{"id":7934,"href":"https:\/\/gds-business-intelligence.de\/index.php?rest_route=\/wp\/v2\/pages\/4362\/revisions\/7934"}],"wp:attachment":[{"href":"https:\/\/gds-business-intelligence.de\/index.php?rest_route=%2Fwp%2Fv2%2Fmedia&parent=4362"}],"curies":[{"name":"wp","href":"https:\/\/api.w.org\/{rel}","templated":true}]}}