{"id":7707,"date":"2024-08-23T15:36:03","date_gmt":"2024-08-23T15:36:03","guid":{"rendered":"https:\/\/gds-business-intelligence.de\/?page_id=7707"},"modified":"2024-08-23T15:46:50","modified_gmt":"2024-08-23T15:46:50","slug":"datenarchitektur-strategie","status":"publish","type":"page","link":"https:\/\/gds-business-intelligence.de\/?page_id=7707","title":{"rendered":"Datenarchitektur und -strategie"},"content":{"rendered":"\t\t<div data-elementor-type=\"wp-page\" data-elementor-id=\"7707\" class=\"elementor elementor-7707\">\n\t\t\t\t<div class=\"elementor-element elementor-element-659fc11 e-flex e-con-boxed e-con e-parent\" data-id=\"659fc11\" data-element_type=\"container\" data-e-type=\"container\">\n\t\t\t\t\t<div class=\"e-con-inner\">\n\t\t<div class=\"elementor-element elementor-element-7421c8c e-con-full e-flex e-con e-child\" data-id=\"7421c8c\" data-element_type=\"container\" data-e-type=\"container\">\n\t\t\t\t<\/div>\n\t\t\t\t<div class=\"elementor-element elementor-element-438c258 elementor-widget elementor-widget-text-editor\" data-id=\"438c258\" data-element_type=\"widget\" data-e-type=\"widget\" data-widget_type=\"text-editor.default\">\n\t\t\t\t<div class=\"elementor-widget-container\">\n\t\t\t\t\t\t\t\t\t<p>In der heutigen digitalen \u00c4ra ist die F\u00e4higkeit, Daten effektiv zu verwalten und zu nutzen, entscheidend f\u00fcr den Gesch\u00e4ftserfolg. Doch der Weg zu einer erfolgreichen datengetriebenen Organisation beginnt nicht erst bei der Analyse der Daten \u2013 er beginnt bei der Datenarchitektur und der zugrunde liegenden Strategie. Eine gut durchdachte Datenarchitektur bildet das R\u00fcckgrat eines Unternehmens und erm\u00f6glicht es, Daten effizient zu speichern, zu verwalten und zu analysieren. GDS Business Intelligence GmbH bietet umfassende Dienstleistungen im Bereich Datenarchitektur und -Strategie an, die sicherstellen, dass Ihre Dateninfrastruktur zukunftssicher ist und Ihr Unternehmen optimal unterst\u00fctzt.<\/p>\t\t\t\t\t\t\t\t<\/div>\n\t\t\t\t<\/div>\n\t\t\t\t<div class=\"elementor-element elementor-element-8d9b255 elementor-widget elementor-widget-heading\" data-id=\"8d9b255\" data-element_type=\"widget\" data-e-type=\"widget\" data-widget_type=\"heading.default\">\n\t\t\t\t<div class=\"elementor-widget-container\">\n\t\t\t\t\t<h4 class=\"elementor-heading-title elementor-size-default\">Was ist Datenarchitektur und warum ist sie wichtig?<\/h4>\t\t\t\t<\/div>\n\t\t\t\t<\/div>\n\t\t\t\t<div class=\"elementor-element elementor-element-ac082de elementor-widget elementor-widget-text-editor\" data-id=\"ac082de\" data-element_type=\"widget\" data-e-type=\"widget\" data-widget_type=\"text-editor.default\">\n\t\t\t\t<div class=\"elementor-widget-container\">\n\t\t\t\t\t\t\t\t\t<p>Datenarchitektur ist die strukturierte Planung und Gestaltung der Datensysteme und -infrastruktur eines Unternehmens. Sie legt fest, wie Daten gesammelt, gespeichert, integriert und genutzt werden, um die Gesch\u00e4ftsziele zu erreichen. Eine durchdachte Datenarchitektur sorgt daf\u00fcr, dass Daten leicht zug\u00e4nglich, sicher und konsistent sind, w\u00e4hrend sie gleichzeitig die Grundlage f\u00fcr skalierbare und flexible Datenl\u00f6sungen bildet.<\/p><p>Eine gut entwickelte Datenarchitektur bietet zahlreiche Vorteile, darunter verbesserte Datenqualit\u00e4t, schnellere Datenverarbeitung, niedrigere Kosten und die F\u00e4higkeit, auf sich \u00e4ndernde Gesch\u00e4ftsanforderungen zu reagieren. Ohne eine klare Datenarchitektur kann es zu ineffizienten Prozessen, Dateninkonsistenzen und Schwierigkeiten bei der Datenintegration kommen, was die Entscheidungsfindung und das Unternehmenswachstum behindern kann.<\/p>\t\t\t\t\t\t\t\t<\/div>\n\t\t\t\t<\/div>\n\t\t\t\t<div class=\"elementor-element elementor-element-f23cab0 elementor-widget elementor-widget-heading\" data-id=\"f23cab0\" data-element_type=\"widget\" data-e-type=\"widget\" data-widget_type=\"heading.default\">\n\t\t\t\t<div class=\"elementor-widget-container\">\n\t\t\t\t\t<h4 class=\"elementor-heading-title elementor-size-default\">Die Bedeutung einer Datenstrategie<\/h4>\t\t\t\t<\/div>\n\t\t\t\t<\/div>\n\t\t\t\t<div class=\"elementor-element elementor-element-284b7f8 elementor-widget elementor-widget-text-editor\" data-id=\"284b7f8\" data-element_type=\"widget\" data-e-type=\"widget\" data-widget_type=\"text-editor.default\">\n\t\t\t\t<div class=\"elementor-widget-container\">\n\t\t\t\t\t\t\t\t\t<p>Eine Datenstrategie ist der Fahrplan, der festlegt, wie ein Unternehmen seine Datenressourcen verwalten und nutzen m\u00f6chte, um seine Gesch\u00e4ftsziele zu erreichen. Sie definiert die Ziele, Methoden, Tools und Prozesse, die eingesetzt werden, um sicherzustellen, dass die Daten des Unternehmens optimal genutzt werden. Eine gut durchdachte Datenstrategie hilft Unternehmen, den maximalen Nutzen aus ihren Daten zu ziehen, indem sie klare Richtlinien und Best Practices f\u00fcr die Datennutzung festlegt.<\/p>\t\t\t\t\t\t\t\t<\/div>\n\t\t\t\t<\/div>\n\t\t\t\t<div class=\"elementor-element elementor-element-efd1b8a elementor-widget elementor-widget-heading\" data-id=\"efd1b8a\" data-element_type=\"widget\" data-e-type=\"widget\" data-widget_type=\"heading.default\">\n\t\t\t\t<div class=\"elementor-widget-container\">\n\t\t\t\t\t<h4 class=\"elementor-heading-title elementor-size-default\">Der Nutzen f\u00fcr Ihr Unternehmen<\/h4>\t\t\t\t<\/div>\n\t\t\t\t<\/div>\n\t\t\t\t<div class=\"elementor-element elementor-element-72d544a elementor-widget elementor-widget-text-editor\" data-id=\"72d544a\" data-element_type=\"widget\" data-e-type=\"widget\" data-widget_type=\"text-editor.default\">\n\t\t\t\t<div class=\"elementor-widget-container\">\n\t\t\t\t\t\t\t\t\t<p>Die Zusammenarbeit mit GDS Business Intelligence GmbH im Bereich Datenarchitektur und -strategie bietet zahlreiche Vorteile, die Ihrem Unternehmen helfen, in einer datengetriebenen Welt erfolgreich zu sein:<\/p>\t\t\t\t\t\t\t\t<\/div>\n\t\t\t\t<\/div>\n\t\t\t\t<div class=\"elementor-element elementor-element-80379e0 elementor-widget elementor-widget-tragafeature\" data-id=\"80379e0\" data-element_type=\"widget\" data-e-type=\"widget\" data-widget_type=\"tragafeature.default\">\n\t\t\t\t<div class=\"elementor-widget-container\">\n\t\t\t\t\t<div class=\"service-feature-wrap\"><div class=\"service-feature\"><div class=\"service-feature_icon\"><img decoding=\"async\" src=\"https:\/\/gds-business-intelligence.de\/wp-content\/uploads\/2024\/08\/Entsscheidungsfindung-white.png\" alt=\"GDS%20Business%20Intelligence%20Website\"  \/><\/div><div class=\"media-body\"><h4 class=\"service-feature_title\">Optimierte Datenverwaltung<\/h4><p class=\"service-feature_text\">Eine gut strukturierte Datenarchitektur gew\u00e4hrleistet eine effiziente und sichere Verwaltung von Daten, was die Betriebsabl\u00e4ufe verbessert und die Datenintegrit\u00e4t sicherstellt.<\/p><\/div><\/div><div class=\"service-feature\"><div class=\"service-feature_icon\"><img decoding=\"async\" src=\"https:\/\/gds-business-intelligence.de\/wp-content\/uploads\/2024\/08\/Effizienz-white.png\" alt=\"GDS%20Business%20Intelligence%20Website\"  \/><\/div><div class=\"media-body\"><h4 class=\"service-feature_title\">Schnellere Datenverf\u00fcgbarkeit<\/h4><p class=\"service-feature_text\">Eine optimierte Datenarchitektur erm\u00f6glicht schnellen und einfachen Zugriff auf relevante Daten, was die Reaktionsf\u00e4higkeit und Agilit\u00e4t Ihres Unternehmens erh\u00f6ht.<\/p><\/div><\/div><div class=\"service-feature\"><div class=\"service-feature_icon\"><img decoding=\"async\" src=\"https:\/\/gds-business-intelligence.de\/wp-content\/uploads\/2024\/08\/Kostenreduktion-white.png\" alt=\"GDS%20Business%20Intelligence%20Website\"  \/><\/div><div class=\"media-body\"><h4 class=\"service-feature_title\">Erh\u00f6hte Prozesseffizienz<\/h4><p class=\"service-feature_text\">Durch die Verbesserung der Dateninfrastruktur und -strategie k\u00f6nnen Prozesse automatisiert und beschleunigt werden, was die Effizienz im gesamten Unternehmen steigert und die Produktivit\u00e4t erh\u00f6ht.<\/p><\/div><\/div><div class=\"service-feature\"><div class=\"service-feature_icon\"><img decoding=\"async\" src=\"https:\/\/gds-business-intelligence.de\/wp-content\/uploads\/2024\/08\/Datensicherheit-white.png\" alt=\"GDS%20Business%20Intelligence%20Website\"  \/><\/div><div class=\"media-body\"><h4 class=\"service-feature_title\">Erh\u00f6hte Datensicherheit<\/h4><p class=\"service-feature_text\">Unsere L\u00f6sungen gew\u00e4hrleisten, dass Ihre Daten vor unbefugtem Zugriff gesch\u00fctzt sind, wodurch das Vertrauen in Ihre Datennutzung erh\u00f6ht und Compliance-Anforderungen erf\u00fcllt werden.<\/p><\/div><\/div><\/div>\t\t\t\t<\/div>\n\t\t\t\t<\/div>\n\t\t\t\t<div class=\"elementor-element elementor-element-f75f4b4 elementor-widget elementor-widget-heading\" data-id=\"f75f4b4\" data-element_type=\"widget\" data-e-type=\"widget\" data-widget_type=\"heading.default\">\n\t\t\t\t<div class=\"elementor-widget-container\">\n\t\t\t\t\t<h4 class=\"elementor-heading-title elementor-size-default\">Unsere Services im Bereich Datenarchitektur und -strategie<\/h4>\t\t\t\t<\/div>\n\t\t\t\t<\/div>\n\t\t\t\t<div class=\"elementor-element elementor-element-1305204 elementor-widget elementor-widget-text-editor\" data-id=\"1305204\" data-element_type=\"widget\" data-e-type=\"widget\" data-widget_type=\"text-editor.default\">\n\t\t\t\t<div class=\"elementor-widget-container\">\n\t\t\t\t\t\t\t\t\t<p>GDS Business Intelligence GmbH bietet umfassende L\u00f6sungen zur Entwicklung und Implementierung einer robusten Datenarchitektur und -strategie. Unser Ansatz kombiniert technisches Know-how mit einem tiefen Verst\u00e4ndnis f\u00fcr die gesch\u00e4ftlichen Anforderungen unserer Kunden, um ma\u00dfgeschneiderte L\u00f6sungen zu liefern, die sowohl heute als auch in Zukunft funktionieren.<\/p><p><strong><span style=\"color: #0000ff;\">Analyse der aktuellen Datenlandschaft<\/span><br \/><\/strong>Wir beginnen mit einer gr\u00fcndlichen Analyse Ihrer bestehenden Dateninfrastruktur, um St\u00e4rken und Schw\u00e4chen zu identifizieren. Dabei betrachten wir alle Aspekte, von der Datenspeicherung und -sicherheit bis hin zur Datenintegration und -verf\u00fcgbarkeit.<\/p><p><span style=\"color: #0000ff;\"><strong>Entwicklung einer ma\u00dfgeschneiderten Datenarchitektur<\/strong>\u00a0<\/span><br \/>Basierend auf der Analyse entwickeln wir eine ma\u00dfgeschneiderte Datenarchitektur, die auf die spezifischen Anforderungen Ihres Unternehmens abgestimmt ist. Diese Architektur stellt sicher, dass Ihre Daten effizient und sicher verwaltet werden und leicht zug\u00e4nglich sind.<\/p><p><span style=\"color: #0000ff;\"><strong>Erstellung einer Datenstrategie<\/strong><\/span><br \/>Wir unterst\u00fctzen Sie bei der Entwicklung einer klaren Datenstrategie, die Ihre Gesch\u00e4ftsziele unterst\u00fctzt. Diese Strategie legt fest, wie Daten gesammelt, gespeichert, analysiert und genutzt werden, um maximalen Mehrwert zu schaffen.<\/p><p><strong><span style=\"color: #0000ff;\">Integration moderner Technologien<\/span><br \/><\/strong>Wir integrieren die neuesten Technologien und Tools, um sicherzustellen, dass Ihre Dateninfrastruktur zukunftssicher und skalierbar ist. Dies umfasst Cloud-Technologien, Big Data-L\u00f6sungen, Data Lakes und Data Warehouses.<\/p><p><strong><span style=\"color: #0000ff;\">Optimierung der Datenqualit\u00e4t und -sicherheit<\/span><br \/><\/strong>Ein wesentlicher Bestandteil unserer Arbeit ist die Sicherstellung der Datenqualit\u00e4t und -sicherheit. Wir implementieren Best Practices und Technologien, die Ihre Daten vor unbefugtem Zugriff sch\u00fctzen und gleichzeitig die Integrit\u00e4t und Genauigkeit Ihrer Daten sicherstellen.<\/p><p><strong><span style=\"color: #0000ff;\">Schulung und fortlaufender Support<\/span><br \/><\/strong>Wir bieten Schulungen an, um sicherzustellen, dass Ihre Teams die neue Datenarchitektur und -strategie effektiv nutzen k\u00f6nnen. Dar\u00fcber hinaus stehen wir f\u00fcr fortlaufenden Support zur Verf\u00fcgung, um sicherzustellen, dass Ihre Datenl\u00f6sungen weiterhin optimal funktionieren.<\/p>\t\t\t\t\t\t\t\t<\/div>\n\t\t\t\t<\/div>\n\t\t\t\t<div class=\"elementor-element elementor-element-c824289 elementor-widget elementor-widget-heading\" data-id=\"c824289\" data-element_type=\"widget\" data-e-type=\"widget\" data-widget_type=\"heading.default\">\n\t\t\t\t<div class=\"elementor-widget-container\">\n\t\t\t\t\t<h4 class=\"elementor-heading-title elementor-size-default\">Fragen zur Datenarchitektur -und Strategie<\/h4>\t\t\t\t<\/div>\n\t\t\t\t<\/div>\n\t\t\t\t\t<\/div>\n\t\t\t\t<\/div>\n\t\t<div class=\"elementor-element elementor-element-89b59be e-flex e-con-boxed e-con e-parent\" data-id=\"89b59be\" data-element_type=\"container\" data-e-type=\"container\">\n\t\t\t\t\t<div class=\"e-con-inner\">\n\t\t\t\t<div class=\"elementor-element elementor-element-e2aa5d7 elementor-widget elementor-widget-tragafaq\" data-id=\"e2aa5d7\" data-element_type=\"widget\" data-e-type=\"widget\" data-widget_type=\"tragafaq.default\">\n\t\t\t\t<div class=\"elementor-widget-container\">\n\t\t\t\t\t<div class=\"accordion-area accordion\" id=\"faqAccordion\"><div class=\"accordion-card style2 active\"><div class=\"accordion-header\" id=\"collapse-item-1\"><button class=\"accordion-button \" type=\"button\" data-bs-toggle=\"collapse\" data-bs-target=\"#collapse-1\" aria-expanded=\"true\" aria-controls=\"collapse-1\">Was ist Datenarchitektur und warum ist sie wichtig f\u00fcr mein Unternehmen?<\/button><\/div><div id=\"collapse-1\" class=\"accordion-collapse collapse show \" aria-labelledby=\"collapse-item-1\" data-bs-parent=\"#faqAccordion\"><div class=\"accordion-body\"><p class=\"faq-text\">Datenarchitektur bezieht sich auf die strukturierte Planung und Gestaltung der Datensysteme und -infrastruktur eines Unternehmens. Sie ist wichtig, weil sie sicherstellt, dass Daten effizient verwaltet, gespeichert und genutzt werden k\u00f6nnen, um Gesch\u00e4ftsziele zu erreichen.<\/p><\/div><\/div><\/div><div class=\"accordion-card style2 \"><div class=\"accordion-header\" id=\"collapse-item-2\"><button class=\"accordion-button collapsed\" type=\"button\" data-bs-toggle=\"collapse\" data-bs-target=\"#collapse-2\" aria-expanded=\"false\" aria-controls=\"collapse-2\">Was umfasst eine Datenstrategie und wie kann sie meinem Unternehmen helfen?<\/button><\/div><div id=\"collapse-2\" class=\"accordion-collapse collapse  \" aria-labelledby=\"collapse-item-2\" data-bs-parent=\"#faqAccordion\"><div class=\"accordion-body\"><p class=\"faq-text\">Eine Datenstrategie definiert, wie ein Unternehmen seine Datenressourcen verwaltet und nutzt, um seine Gesch\u00e4ftsziele zu unterst\u00fctzen. Sie umfasst Ziele, Methoden, Tools und Prozesse, die sicherstellen, dass Daten optimal genutzt werden, um wertvolle Erkenntnisse zu gewinnen und Wettbewerbsvorteile zu erzielen.<\/p><\/div><\/div><\/div><div class=\"accordion-card style2 \"><div class=\"accordion-header\" id=\"collapse-item-3\"><button class=\"accordion-button collapsed\" type=\"button\" data-bs-toggle=\"collapse\" data-bs-target=\"#collapse-3\" aria-expanded=\"false\" aria-controls=\"collapse-3\">Wie unterst\u00fctzt GDS Business Intelligence GmbH bei der Entwicklung einer Datenarchitektur?<\/button><\/div><div id=\"collapse-3\" class=\"accordion-collapse collapse  \" aria-labelledby=\"collapse-item-3\" data-bs-parent=\"#faqAccordion\"><div class=\"accordion-body\"><p class=\"faq-text\">Wir analysieren Ihre bestehende Dateninfrastruktur, identifizieren St\u00e4rken und Schw\u00e4chen und entwickeln eine ma\u00dfgeschneiderte Datenarchitektur, die auf die spezifischen Anforderungen Ihres Unternehmens abgestimmt ist.<\/p><\/div><\/div><\/div><div class=\"accordion-card style2 \"><div class=\"accordion-header\" id=\"collapse-item-4\"><button class=\"accordion-button collapsed\" type=\"button\" data-bs-toggle=\"collapse\" data-bs-target=\"#collapse-4\" aria-expanded=\"false\" aria-controls=\"collapse-4\">Welche Technologien und Tools werden bei der Entwicklung einer Datenarchitektur verwendet?<\/button><\/div><div id=\"collapse-4\" class=\"accordion-collapse collapse  \" aria-labelledby=\"collapse-item-4\" data-bs-parent=\"#faqAccordion\"><div class=\"accordion-body\"><p class=\"faq-text\">Wir integrieren eine Vielzahl von Technologien, einschlie\u00dflich Cloud-L\u00f6sungen, Data Lakes, Data Warehouses und Big Data-Tools, um eine skalierbare und flexible Dateninfrastruktur zu schaffen.<\/p><\/div><\/div><\/div><div class=\"accordion-card style2 \"><div class=\"accordion-header\" id=\"collapse-item-5\"><button class=\"accordion-button collapsed\" type=\"button\" data-bs-toggle=\"collapse\" data-bs-target=\"#collapse-5\" aria-expanded=\"false\" aria-controls=\"collapse-5\">Wie kann eine gut durchdachte Datenarchitektur die Datenqualit\u00e4t verbessern?<\/button><\/div><div id=\"collapse-5\" class=\"accordion-collapse collapse  \" aria-labelledby=\"collapse-item-5\" data-bs-parent=\"#faqAccordion\"><div class=\"accordion-body\"><p class=\"faq-text\">Eine gut entwickelte Datenarchitektur sorgt f\u00fcr klare Datenfl\u00fcsse, konsistente Datenspeicherung und effektive Datenintegrationsprozesse, wodurch die Qualit\u00e4t und Integrit\u00e4t der Daten verbessert wird.<\/p><\/div><\/div><\/div><div class=\"accordion-card style2 \"><div class=\"accordion-header\" id=\"collapse-item-6\"><button class=\"accordion-button collapsed\" type=\"button\" data-bs-toggle=\"collapse\" data-bs-target=\"#collapse-6\" aria-expanded=\"false\" aria-controls=\"collapse-6\">Wie lange dauert es, eine Datenstrategie zu entwickeln und zu implementieren?<\/button><\/div><div id=\"collapse-6\" class=\"accordion-collapse collapse  \" aria-labelledby=\"collapse-item-6\" data-bs-parent=\"#faqAccordion\"><div class=\"accordion-body\"><p class=\"faq-text\">Die Dauer h\u00e4ngt von der Komplexit\u00e4t des Projekts ab. Einfache Strategien k\u00f6nnen in wenigen Wochen entwickelt werden, w\u00e4hrend komplexe Projekte mehrere Monate in Anspruch nehmen k\u00f6nnen.<\/p><\/div><\/div><\/div><div class=\"accordion-card style2 \"><div class=\"accordion-header\" id=\"collapse-item-7\"><button class=\"accordion-button collapsed\" type=\"button\" data-bs-toggle=\"collapse\" data-bs-target=\"#collapse-7\" aria-expanded=\"false\" aria-controls=\"collapse-7\">Wie wird die Datensicherheit in der Datenarchitektur gew\u00e4hrleistet?<\/button><\/div><div id=\"collapse-7\" class=\"accordion-collapse collapse  \" aria-labelledby=\"collapse-item-7\" data-bs-parent=\"#faqAccordion\"><div class=\"accordion-body\"><p class=\"faq-text\">Wir implementieren Best Practices und modernste Sicherheitsl\u00f6sungen, um sicherzustellen, dass Ihre Daten vor unbefugtem Zugriff gesch\u00fctzt sind und die Compliance-Anforderungen erf\u00fcllt werden.<\/p><\/div><\/div><\/div><div class=\"accordion-card style2 \"><div class=\"accordion-header\" id=\"collapse-item-8\"><button class=\"accordion-button collapsed\" type=\"button\" data-bs-toggle=\"collapse\" data-bs-target=\"#collapse-8\" aria-expanded=\"false\" aria-controls=\"collapse-8\">Was sind die Vorteile einer skalierbaren Datenarchitektur?<\/button><\/div><div id=\"collapse-8\" class=\"accordion-collapse collapse  \" aria-labelledby=\"collapse-item-8\" data-bs-parent=\"#faqAccordion\"><div class=\"accordion-body\"><p class=\"faq-text\">Eine skalierbare Datenarchitektur erm\u00f6glicht es Ihrem Unternehmen, mit wachsendem Datenvolumen und sich \u00e4ndernden Gesch\u00e4ftsanforderungen Schritt zu halten, ohne dass umfangreiche System\u00fcberholungen erforderlich sind.<\/p><\/div><\/div><\/div><div class=\"accordion-card style2 \"><div class=\"accordion-header\" id=\"collapse-item-9\"><button class=\"accordion-button collapsed\" type=\"button\" data-bs-toggle=\"collapse\" data-bs-target=\"#collapse-9\" aria-expanded=\"false\" aria-controls=\"collapse-9\">Wie kann eine Datenstrategie helfen, Betriebskosten zu senken?<\/button><\/div><div id=\"collapse-9\" class=\"accordion-collapse collapse  \" aria-labelledby=\"collapse-item-9\" data-bs-parent=\"#faqAccordion\"><div class=\"accordion-body\"><p class=\"faq-text\">Durch die Optimierung der Dateninfrastruktur und -prozesse k\u00f6nnen ineffiziente Abl\u00e4ufe beseitigt und Ressourcen effizienter genutzt werden, was die Betriebskosten senkt.<\/p><\/div><\/div><\/div><div class=\"accordion-card style2 \"><div class=\"accordion-header\" id=\"collapse-item-10\"><button class=\"accordion-button collapsed\" type=\"button\" data-bs-toggle=\"collapse\" data-bs-target=\"#collapse-10\" aria-expanded=\"false\" aria-controls=\"collapse-10\">Wie unterst\u00fctzt GDS Business Intelligence GmbH nach der Implementierung einer Datenstrategie?<\/button><\/div><div id=\"collapse-10\" class=\"accordion-collapse collapse  \" aria-labelledby=\"collapse-item-10\" data-bs-parent=\"#faqAccordion\"><div class=\"accordion-body\"><p class=\"faq-text\">Wir bieten fortlaufenden Support, Schulungen und kontinuierliche Optimierungen, um sicherzustellen, dass Ihre Datenarchitektur und -strategie stets den aktuellen Anforderungen entsprechen und optimal funktionieren.<\/p><\/div><\/div><\/div><\/div>\t\t\t\t<\/div>\n\t\t\t\t<\/div>\n\t\t\t\t<div class=\"elementor-element elementor-element-b338353 elementor-widget elementor-widget-heading\" data-id=\"b338353\" data-element_type=\"widget\" data-e-type=\"widget\" data-widget_type=\"heading.default\">\n\t\t\t\t<div class=\"elementor-widget-container\">\n\t\t\t\t\t<h4 class=\"elementor-heading-title elementor-size-default\">Fazit\n<\/h4>\t\t\t\t<\/div>\n\t\t\t\t<\/div>\n\t\t\t\t<div class=\"elementor-element elementor-element-b88880f elementor-widget elementor-widget-text-editor\" data-id=\"b88880f\" data-element_type=\"widget\" data-e-type=\"widget\" data-widget_type=\"text-editor.default\">\n\t\t\t\t<div class=\"elementor-widget-container\">\n\t\t\t\t\t\t\t\t\t<p>Eine durchdachte Datenarchitektur und eine klare Datenstrategie sind entscheidend f\u00fcr den Erfolg eines jeden Unternehmens in der heutigen digitalen Welt. GDS Business Intelligence GmbH unterst\u00fctzt Sie dabei, diese fundamentalen Bausteine zu entwickeln und zu implementieren, sodass Ihre Dateninfrastruktur nicht nur den aktuellen Anforderungen gerecht wird, sondern auch zukunftssicher ist. Mit unserer Expertise helfen wir Ihnen, Ihre Daten effektiv zu nutzen, um fundierte Entscheidungen zu treffen, Ihre Gesch\u00e4ftsprozesse zu optimieren und langfristig erfolgreich zu sein. Vertrauen Sie auf GDS Business Intelligence GmbH, um Ihre Datenarchitektur und -strategie auf das n\u00e4chste Level zu heben.<\/p>\t\t\t\t\t\t\t\t<\/div>\n\t\t\t\t<\/div>\n\t\t\t\t\t<\/div>\n\t\t\t\t<\/div>\n\t\t\t\t<\/div>\n\t\t","protected":false},"excerpt":{"rendered":"<p>In der heutigen digitalen \u00c4ra ist die F\u00e4higkeit, Daten effektiv zu verwalten und zu nutzen, entscheidend f\u00fcr den Gesch\u00e4ftserfolg. Doch der Weg zu einer erfolgreichen datengetriebenen Organisation beginnt nicht erst bei der Analyse der Daten \u2013 er beginnt bei der Datenarchitektur und der zugrunde liegenden Strategie. Eine gut durchdachte Datenarchitektur bildet das R\u00fcckgrat eines Unternehmens&#8230;<\/p>\n","protected":false},"author":1,"featured_media":7505,"parent":0,"menu_order":0,"comment_status":"closed","ping_status":"closed","template":"template-builder.php","meta":{"footnotes":""},"class_list":["post-7707","page","type-page","status-publish","has-post-thumbnail","hentry"],"_links":{"self":[{"href":"https:\/\/gds-business-intelligence.de\/index.php?rest_route=\/wp\/v2\/pages\/7707","targetHints":{"allow":["GET"]}}],"collection":[{"href":"https:\/\/gds-business-intelligence.de\/index.php?rest_route=\/wp\/v2\/pages"}],"about":[{"href":"https:\/\/gds-business-intelligence.de\/index.php?rest_route=\/wp\/v2\/types\/page"}],"author":[{"embeddable":true,"href":"https:\/\/gds-business-intelligence.de\/index.php?rest_route=\/wp\/v2\/users\/1"}],"replies":[{"embeddable":true,"href":"https:\/\/gds-business-intelligence.de\/index.php?rest_route=%2Fwp%2Fv2%2Fcomments&post=7707"}],"version-history":[{"count":16,"href":"https:\/\/gds-business-intelligence.de\/index.php?rest_route=\/wp\/v2\/pages\/7707\/revisions"}],"predecessor-version":[{"id":7727,"href":"https:\/\/gds-business-intelligence.de\/index.php?rest_route=\/wp\/v2\/pages\/7707\/revisions\/7727"}],"wp:featuredmedia":[{"embeddable":true,"href":"https:\/\/gds-business-intelligence.de\/index.php?rest_route=\/wp\/v2\/media\/7505"}],"wp:attachment":[{"href":"https:\/\/gds-business-intelligence.de\/index.php?rest_route=%2Fwp%2Fv2%2Fmedia&parent=7707"}],"curies":[{"name":"wp","href":"https:\/\/api.w.org\/{rel}","templated":true}]}}