{"id":7861,"date":"2024-09-19T13:07:38","date_gmt":"2024-09-19T13:07:38","guid":{"rendered":"https:\/\/gds-business-intelligence.de\/?page_id=7861"},"modified":"2024-10-29T05:19:22","modified_gmt":"2024-10-29T05:19:22","slug":"agb","status":"publish","type":"page","link":"https:\/\/gds-business-intelligence.de\/?page_id=7861","title":{"rendered":"AGB"},"content":{"rendered":"\t\t<div data-elementor-type=\"wp-page\" data-elementor-id=\"7861\" class=\"elementor elementor-7861\">\n\t\t\t\t<div class=\"elementor-element elementor-element-7a1594d0 e-flex e-con-boxed e-con e-parent\" data-id=\"7a1594d0\" data-element_type=\"container\" data-e-type=\"container\">\n\t\t\t\t\t<div class=\"e-con-inner\">\n\t\t\t\t<div class=\"elementor-element elementor-element-4e8021f2 elementor-widget elementor-widget-text-editor\" data-id=\"4e8021f2\" data-element_type=\"widget\" data-e-type=\"widget\" data-widget_type=\"text-editor.default\">\n\t\t\t\t<div class=\"elementor-widget-container\">\n\t\t\t\t\t\t\t\t\t<h1>Allgemeine Gesch\u00e4ftsbedingungen<\/h1>\n<p>Stand: 19.07.2024<\/p>\n<h4>1. Gegenstand des Vertrages<\/h4>\n<p align=\"LEFT\">1.1 Die nachstehenden allgemeinen Gesch\u00e4ftsbedingungen gelten f\u00fcr alle Rechtsgesch\u00e4fte der GDS Business Intelligence GmbH&nbsp;mit ihrem Vertragspartner, nachstehend \u201eAuftraggeber\u201c genannt.<\/p>\n<p align=\"LEFT\">1.2 Gegenstand des Vertrages ist die Erbringung von Beratungs-, Schulungs-, Softwareentwicklungs- und weitergehenden Dienstleistungen f\u00fcr den IT- und Non-IT-Bereich durch GDS BUSINESS INTELLIGENCE GMBH&nbsp;und\/oder von der GDS BUSINESS INTELLIGENCE GMBH eingesetzte Consultants f\u00fcr den Auftraggeber. Unter Seminarleistungen wird im Folgenden auch die Leistung von Promotionst\u00e4tigkeiten gefasst. Zu den Seminarleistungen geh\u00f6ren insbesondere nicht die Vorbereitung der Seminarr\u00e4ume, Erstellung von Handouts, \u00dcbungen und sonstigen Leistungen, die notwendig und zweckdienlich sein k\u00f6nnen, um die Zielsetzung des Seminars zu erreichen. Diese Leistungen m\u00fcssen gesondert beauftragt werden.<\/p>\n<h4>2. Rechtliche Stellung der Vertragspartner<\/h4>\n<p align=\"LEFT\">2.1 GDS BUSINESS INTELLIGENCE GMBH wird als selbst\u00e4ndige Unternehmerin f\u00fcr den Auftraggeber t\u00e4tig.<\/p>\n<p align=\"LEFT\">2.2 GDS BUSINESS INTELLIGENCE GMBH bedient sich zur Vertragserf\u00fcllung selbst\u00e4ndiger Consultants. Diese werden ebenfalls als Unternehmer unter Verwendung einer eigenen Firma und einem werblichen Auftritt t\u00e4tig.<\/p>\n<p align=\"LEFT\">2.3 GDS BUSINESS INTELLIGENCE GMBH kann sich zur Vertragserf\u00fcllung auch eigener Arbeitnehmer oder Mitarbeiter bedienen.<\/p>\n<p align=\"LEFT\">2.4 Die Vertragspartner sind nicht erm\u00e4chtigt, im Namen des jeweils anderen Vertragspartners rechtsgesch\u00e4ftlich zu handeln, Erkl\u00e4rungen abzugeben oder anzunehmen und\/oder Verpflichtungen oder Verantwortlichkeiten f\u00fcr den jeweils anderen Vertragspartner zu begr\u00fcnden.<\/p>\n<h4>3. Vertragsdurchf\u00fchrung<\/h4>\n<p align=\"LEFT\">3.1 Der Auftraggeber stellt GDS BUSINESS INTELLIGENCE GMBH diejenigen Daten, Informationen und Einrichtungen zur Verf\u00fcgung, die zur erfolgreichen und vollst\u00e4ndigen Erbringung der Leistung der GDS BUSINESS INTELLIGENCE GMBH n\u00f6tig sind.<\/p>\n<p align=\"LEFT\">3.2 GDS BUSINESS INTELLIGENCE GMBH ist berechtigt, die Durchf\u00fchrung der Dienstleistungen abzulehnen, sofern wesentliche Gr\u00fcnde vorliegen. Ein wesentlicher Grund liegt insbesondere dann vor, wenn nach Einsch\u00e4tzung der GDS BUSINESS INTELLIGENCE GMBH oder des von der GDS BUSINESS INTELLIGENCE GMBH eingesetzten Consultants die Schulungsausstattung oder andere Gegebenheiten, wie die Zusammensetzung der zu unterrichtenden Gruppe oder des Projektteams, die erfolgreiche Durchf\u00fchrung der Seminare bzw. des Projekts gef\u00e4hrden.<\/p>\n<h4>4. Qualit\u00e4tsanforderung<\/h4>\n<p>Die Consultants der GDS BUSINESS INTELLIGENCE GMBH werden die Dienstleistungen, insbesondere die Seminarleistungen, in qualifizierter p\u00e4dagogischer und didaktischer Weise durchf\u00fchren. Soweit die Dienstleistungen im Hinblick auf Software und Hardware erbracht werden m\u00fcssen, stellt die GDS BUSINESS INTELLIGENCE GMBH sicher, dass der eingesetzte Consultant mit den letzten Programmanpassungen, Funktionserweiterungen, Effizienzverbesserung in der Hard- und Software vertraut ist.<\/p>\n<h4>5. Ausfallregelung, R\u00fccktritt<\/h4>\n<p align=\"LEFT\">Der Auftraggeber ist berechtigt, vom Auftrag bis 6 Wochen vor Seminar- bzw. Projektbeginn kostenfrei zur\u00fcckzutreten. Erfolgt ein R\u00fccktritt bis 8 Tage vor Seminar- bzw. Projektbeginn, hat der Auftraggeber 50% der vereinbarten Verg\u00fctung der GDS BUSINESS INTELLIGENCE GMBH zu ersetzen. Erfolgt ein R\u00fccktritt weniger als 8 Tage vor Seminar- bzw. Projektbeginn, hat der Auftraggeber die komplette vereinbarte Verg\u00fctung der GDS BUSINESS INTELLIGENCE GMBH zu ersetzen.<\/p>\n<h4>6. Lieferungen und Leistungen<\/h4>\n<p align=\"LEFT\">6.1 Die Preise der&nbsp;GDS BUSINESS INTELLIGENCE GMBH sind bis zum Vertragsabschluss freibleibend und unverbindlich und verstehen sich vorbehaltlich der Selbstbelieferung durch die eingesetzten Kooperationspartner der GDS BUSINESS INTELLIGENCE GMBH. Ein Vertrag kommt erst mit der schriftlichen Auftragsbest\u00e4tigung oder dem Auftragsangebot der GDS BUSINESS INTELLIGENCE GMBH,&nbsp;sp\u00e4testens jedoch durch Annahme der Lieferung und Dienstleistung durch den Auftraggeber zustande.<\/p>\n<p align=\"LEFT\">6.2 Das Recht zu zumutbaren Teillieferungen und deren Fakturierung oder zu zumutbaren Ersatzlieferungen und Leistungen der GDS BUSINESS INTELLIGENCE GMBH bleibt ausdr\u00fccklich vorbehalten.<\/p>\n<p align=\"LEFT\">6.3 Der Leistungstermin wird nach dem voraussichtlichen Leistungsverm\u00f6gen der&nbsp;GDS BUSINESS INTELLIGENCE GMBH vereinbart und versteht sich unverbindlich und vorbehaltlich rechtzeitiger Selbstbelieferung durch die eingesetzten Kooperationspartner der GDS BUSINESS INTELLIGENCE GMBH KG und unvorhergesehener Umst\u00e4nde und Hindernisse, unabh\u00e4ngig davon, ob diese bei GDS BUSINESS INTELLIGENCE GMBH oder beim Kooperationspartner eintreffen, insbesondere h\u00f6here Gewalt, staatliche Ma\u00dfnahmen, Nichtausstellung beh\u00f6rdlicher Genehmigungen, Arbeitsk\u00e4mpfe jeder Art, Sabotage, unverschuldete versp\u00e4tete Materialanlieferungen.<\/p>\n<h4>7. Verg\u00fctung, Zahlungsbedingungen<\/h4>\n<p>7.1 Der Auftraggeber zahlt der GDS BUSINESS INTELLIGENCE GMBH f\u00fcr die festgelegten Leistungen die im Einzelauftrag vereinbarte Verg\u00fctung. Mehrwertsteuer und andere gesetzliche Abgaben im Lieferland sowie Mehrarbeitskosten, Fahrtkosten, \u00dcbernachtungskosten und sonstige Spesen werden dem Auftraggeber entsprechend dem Einzelauftrag berechnet. Sollten im Einzelauftrag keine Regelungen getroffen worden sein, gelten folgende Ans\u00e4tze:<\/p>\n<p>Der im Einzelauftrag angegebene Stunden-\/Tagessatz gilt f\u00fcr Arbeiten, die von Montag bis Freitag (ausgenommen Feiertage) zwischen 8:00 Uhr und 19:00 Uhr erbracht werden. F\u00fcr Leistungen au\u00dferhalb der genannten Zeiten gelten folgende Zuschlags\u00e4tze:<\/p>\n<table class=\"ms-rteTable-0 \" width=\"100%\" cellspacing=\"0\">\n<tbody>\n<tr class=\"ms-rteTableEvenRow-0\">\n<td class=\"ms-rteTableEvenCol-0\">Nachtarbeit<\/td>\n<td class=\"ms-rteTableOddCol-0\">19:00 \u2013 08:00 Uhr<\/td>\n<td class=\"ms-rteTableEvenCol-0\">Faktor 1,3<\/td>\n<\/tr>\n<tr class=\"ms-rteTableOddRow-0\">\n<td class=\"ms-rteTableEvenCol-0\">Samstagsarbeit<\/td>\n<td class=\"ms-rteTableOddCol-0\">08:00 \u2013 19:00 Uhr<\/td>\n<td class=\"ms-rteTableEvenCol-0\">Faktor 1,4<\/td>\n<\/tr>\n<tr class=\"ms-rteTableEvenRow-0\">\n<td class=\"ms-rteTableEvenCol-0\">Samstagsarbeit Nachts<\/td>\n<td class=\"ms-rteTableOddCol-0\">19:00 \u2013 08:00 Uhr<\/td>\n<td class=\"ms-rteTableEvenCol-0\">Faktor 1,7<\/td>\n<\/tr>\n<tr class=\"ms-rteTableOddRow-0\">\n<td class=\"ms-rteTableEvenCol-0\" rowspan=\"1\">Sonn\/Feiertagsarbeit<\/td>\n<td class=\"ms-rteTableOddCol-0\" rowspan=\"1\">08:00 \u2013 19:00 Uhr<\/td>\n<td class=\"ms-rteTableEvenCol-0\" rowspan=\"1\">Faktor 1,7<\/td>\n<\/tr>\n<tr class=\"ms-rteTableEvenRow-0\">\n<td class=\"ms-rteTableEvenCol-0\" rowspan=\"1\">Sonn\/Feiertagsarbeit Nachts<\/td>\n<td class=\"ms-rteTableOddCol-0\" rowspan=\"1\">19:00 \u2013 08:00 Uhr<\/td>\n<td class=\"ms-rteTableEvenCol-0\" rowspan=\"1\">Faktor 2,0<\/td>\n<\/tr>\n<\/tbody>\n<\/table>\n<p>7.2 Die Wahl des Reisemittels wird mit dem Kunden jeweils abgestimmt. F\u00fcr im Zuge der Unterst\u00fctzung notwendige Reisen werden die tats\u00e4chlich angefallenen Kosten f\u00fcr \u00dcbernachtung, Verpflegung und gegebenenfalls Transportmittel (Zugfahrt 1. Klasse) oder Flug (Economy-Klasse) nach Vorlage der Belege erstattet. F\u00fcr Fahrten mit dem Dienstwagen werden Fahrkostenpauschalen gem\u00e4\u00df der nachfolgenden Zonentabelle in Rechnung gestellt.<\/p>\n<p>Reisekostentabelle<\/p>\n<table class=\"ms-rteTable-0 \" width=\"100%\" cellspacing=\"0\">\n<tbody>\n<tr class=\"ms-rteTableEvenRow-0\">\n<td class=\"ms-rteTableEvenCol-0\">Zone 1<\/td>\n<td class=\"ms-rteTableOddCol-0\">bis 50 km<\/td>\n<td class=\"ms-rteTableEvenCol-0\">26,00 \u20ac<\/td>\n<\/tr>\n<tr class=\"ms-rteTableOddRow-0\">\n<td class=\"ms-rteTableEvenCol-0\">Zone 2<\/td>\n<td class=\"ms-rteTableOddCol-0\">51 \u2013 200 km<\/td>\n<td class=\"ms-rteTableEvenCol-0\">70,00 \u20ac<\/td>\n<\/tr>\n<tr class=\"ms-rteTableEvenRow-0\">\n<td class=\"ms-rteTableEvenCol-0\">Zone 3<\/td>\n<td class=\"ms-rteTableOddCol-0\">201 \u2013 300 km<\/td>\n<td class=\"ms-rteTableEvenCol-0\">100,00 \u20ac<\/td>\n<\/tr>\n<tr class=\"ms-rteTableOddRow-0\">\n<td class=\"ms-rteTableEvenCol-0\" rowspan=\"1\">Zone 4<\/td>\n<td class=\"ms-rteTableOddCol-0\" rowspan=\"1\">301 \u2013 400 km<\/td>\n<td class=\"ms-rteTableEvenCol-0\" rowspan=\"1\">120,00 \u20ac<\/td>\n<\/tr>\n<tr class=\"ms-rteTableEvenRow-0\">\n<td class=\"ms-rteTableEvenCol-0\" rowspan=\"1\">Zone 5<\/td>\n<td class=\"ms-rteTableOddCol-0\" rowspan=\"1\">401 \u2013 600 km<\/td>\n<td class=\"ms-rteTableEvenCol-0\" rowspan=\"1\">300,00 \u20ac<\/td>\n<\/tr>\n<tr class=\"ms-rteTableOddRow-0\">\n<td class=\"ms-rteTableEvenCol-0\" rowspan=\"1\">Zone 6<\/td>\n<td class=\"ms-rteTableOddCol-0\" rowspan=\"1\">\u00fcber 600 km<\/td>\n<td class=\"ms-rteTableEvenCol-0\" rowspan=\"1\">400,00 \u20ac<\/td>\n<\/tr>\n<\/tbody>\n<\/table>\n<p>Die km-Entfernung wird mit Hilfe des Softwareprogramms Autoroute oder MapPoint unter Nutzung der Voreinstellung \u201ek\u00fcrzeste Strecke\u201c erstellt. Basis zur Berechnung der km-Differenz ist der Sitz der GDS BUSINESS INTELLIGENCE GMBH und der jeweilige Ort, an dem die Leistung zu erbringen ist. Stra\u00dfenangaben werden nicht ber\u00fccksichtigt.<\/p>\n<p>7.3 Eventuell notwendige \u00dcbernachtungskosten werden separat in Rechnung gestellt. Die \u00dcbernachtungskosten basieren auf einer standardisierten Tabelle mit Standort-Pauschalen und werden je nach Einsatzort in Abstimmung mit dem Kunden festgelegt. Auf Verlangen stellen wir diese Tabelle gerne zur Verf\u00fcgung.<\/p>\n<p>7.4 GDS BUSINESS INTELLIGENCE GMBH wird nach Durchf\u00fchrung des Seminars oder des Projekts dem Auftraggeber die vereinbarte Verg\u00fctung in Rechnung stellen. Bei l\u00e4nger andauernden Dienstleistungen werden Teilzahlungen, i.d.R monatlich, vereinbart. Zahlungen sind 14 Tage nach Rechnungsstellung ohne jeden Abzug f\u00e4llig. Schecks werden lediglich erf\u00fcllungshalber angenommen. Bei \u00dcberschreitung der Zahlungstermine steht GDS BUSINESS INTELLIGENCE GMBH ohne weitere Mahnung ein Anspruch auf Verzugszinsen in H\u00f6he von 2% \u00fcber dem \u201eReferenzzinssatz der Europ\u00e4ischen Zentralbank gem\u00e4\u00df dem Diskontsatz-\u00dcberleitungsgesetz\u201c zu. Das Recht der Geltendmachung eines dar\u00fcber hinausgehenden Schadens bleibt unber\u00fchrt.<\/p>\n<p>7.5 GDS BUSINESS INTELLIGENCE GMBH ist berechtigt, Zahlungen zun\u00e4chst auf \u00e4ltere Schulden des Auftraggebers anzurechnen. Sind bereits Kosten und Zinsen durch Verzug entstanden, so ist GDS BUSINESS INTELLIGENCE GMBH&nbsp;berechtigt, die Zahlung zun\u00e4chst auf die Kosten, dann auf die Zinsen und zuletzt auf die Hauptleistungen anzurechnen.<\/p>\n<p>7.6 Eine Aufrechnung oder die Geltendmachung eines Zur\u00fcckbehaltungsrechts wegen von GDS BUSINESS INTELLIGENCE GMBH nicht anerkannter oder nicht rechtskr\u00e4ftig festgestellter Gegenanspr\u00fcche ist ausgeschlossen.<\/p>\n<p>7.7 Soweit von den oben stehenden Zahlungsbedingungen ohne rechtfertigenden Grund abgewichen wird, kann GDS BUSINESS INTELLIGENCE GMBH jederzeit wahlweise Lieferung Zug um Zug gegen Barzahlung, Vorleistung oder Sicherheitsleistung verlangen. Alle offenen Forderungen einschlie\u00dflich derjenigen, f\u00fcr die GDS BUSINESS INTELLIGENCE GMBH Wechsel hereingenommen hat oder f\u00fcr die Ratenzahlung vereinbart ist, werden sofort f\u00e4llig.<\/p>\n<p>7.8 Die gew\u00e4hrte Zahlungskondition besteht hinsichtlich des von GDS BUSINESS INTELLIGENCE GMBH f\u00fcr jeden Einzelauftrag vergebenen Kreditlimits. Bei \u00dcberschreitung des jeweils aktuell festgelegten Kreditlimits beh\u00e4lt sich GDS BUSINESS INTELLIGENCE GMBH vor, den restlichen Auftragswert als Vorkasse anzufordern. Im Fall einer nachtr\u00e4glich eingetretenen \u00c4nderung der Bonit\u00e4t ist GDS BUSINESS INTELLIGENCE GMBH berechtigt, Zahlung Zug um Zug gegen Lieferung bzw. entsprechende Sicherheitsleistungen zu verlangen und bei Nichterf\u00fcllung vom Vertrag zur\u00fcckzutreten.<\/p>\n<h4>8. Haftung<\/h4>\n<p align=\"LEFT\">8.1 Soweit sich aus diesen Bestimmungen nichts anderes ergibt, sind weitergehende Anspr\u00fcche des Auftraggebers \u2013 gleich aus welchen Rechtsgr\u00fcnden- ausgeschlossen. GDS BUSINESS INTELLIGENCE GMBH haftet deshalb insbesondere nicht f\u00fcr Sch\u00e4den, Datenverluste, entgangenen Gewinn oder sonstige Verm\u00f6genssch\u00e4den des Auftraggebers.<\/p>\n<p align=\"LEFT\">8.2 Diese Haftungsfreizeichnung gilt nicht, wenn die Schadenursache auf Vorsatz oder grober Fahrl\u00e4ssigkeit beruht.<\/p>\n<p align=\"LEFT\">8.3 Sofern GDS BUSINESS INTELLIGENCE GMBH fahrl\u00e4ssig eine vertragswesentliche Pflicht verletzt, ist die Ersatzpflicht f\u00fcr Sach- und Personensch\u00e4den von GDS BUSINESS INTELLIGENCE GMBH auf die Ersatzleistung ihrer Haftpflichtversicherung begrenzt. Die Ersatzpflicht ist in jedem Fall auf den im Zeitpunkt des Vertragsschlusses vorhersehbaren Schaden begrenzt.<\/p>\n<p align=\"LEFT\">8.4 Soweit eine Haftung von GDS BUSINESS INTELLIGENCE GMBH ausgeschlossen oder begrenzt ist, gilt dies auch f\u00fcr die pers\u00f6nliche Haftung der Angestellten, Arbeitnehmer, Mitarbeiter, Vertreter und Erf\u00fcllungsgehilfen.<\/p>\n<h4>9. Geheimhaltung, Kundenschutz<\/h4>\n<p align=\"LEFT\">9.1 Der Auftraggeber wird Betriebsgeheimnisse, Unterlagen, Erfahrungen und Kenntnisse der bzw. \u00fcber GDS BUSINESS INTELLIGENCE GMBH sowie deren Partner und Kunden nur zur Erreichung der von ihm vertraglich seinen Kunden geschuldeten Leistung verwenden und gegen\u00fcber Dritten streng vertraulich behandeln. Diese Verpflichtung bleibt auch nach Beendigung des Vertrages bestehen.<\/p>\n<p align=\"LEFT\">9.2 Der Auftraggeber hat strengstes Stillschweigen, bezogen auf alle Informationen \u00fcber GDS BUSINESS INTELLIGENCE GMBH, die nicht in den offiziellen Werbeunterlagen, Verlautbarungen oder in den Medien von GDS BUSINESS INTELLIGENCE GMBH enthalten sind, zu bewahren.<\/p>\n<p align=\"LEFT\">9.3 Der Auftraggeber verpflichtet sich, alle ihm von GDS BUSINESS INTELLIGENCE GMBH zur Verf\u00fcgung gestellten Unterlagen und Materialien sowie Datentr\u00e4ger ordnungsgem\u00e4\u00df und vor dem Zugriff Dritter gesichert aufzubewahren.<\/p>\n<p align=\"LEFT\">9.4 Nach Durchf\u00fchrung der Vertragsleistungen bzw. nach Beendigung des Einzelauftrages wird der Auftraggeber s\u00e4mtliche, im Rahmen und im Zusammenhang mit dem Einzelauftrag erstellten Unterlagen, \u00fcbergebenen Materialien und Informationen sowie Kopien hiervon, unverz\u00fcglich und ohne Aufforderung an GDS BUSINESS INTELLIGENCE GMBH zur\u00fcckgeben. Ein Zur\u00fcckbehaltungsrecht besteht insoweit nicht.<\/p>\n<p align=\"LEFT\">9.5 Der Auftraggeber verpflichtet sich, nach Vertragsende, \u00fcber einen Zeitraum von zwei Jahren, keine unmittelbaren oder mittelbaren Gesch\u00e4fte mit den Consultants zu t\u00e4tigen, die zuvor im Auftrag der GDS BUSINESS INTELLIGENCE GMBH t\u00e4tig gewesen sind und die der Auftraggeber durch die GDS BUSINESS INTELLIGENCE GMBH kennengelernt hat. Diese Kundenschutzklausel gilt auch f\u00fcr alle gesch\u00e4ftsvorbereitenden Ma\u00dfnahmen.<\/p>\n<p align=\"LEFT\">9.6 Diese Kundenschutzklausel erg\u00e4nzt zus\u00e4tzliche etwaige, bereits bestehende Kundenschutzklauseln zwischen den Parteien.<\/p>\n<p align=\"LEFT\">9.7 Bei Versto\u00df gegen die vorstehende Verpflichtung aus Ziffer 9.5 ist f\u00fcr jeden Fall des Versto\u00dfes eine Vertragsstrafe in H\u00f6he von EUR 25.000,00 (in Worten: f\u00fcnfundzwanzigtausend) an die GDS BUSINESS INTELLIGENCE GMBH zu zahlen.<\/p>\n<p align=\"LEFT\">9.8 Der Auftraggeber r\u00e4umt GDS BUSINESS INTELLIGENCE GMBH das Recht ein, zum Zwecke des Kundenschutzes durch einen Rechtsanwalt, Wirtschaftspr\u00fcfer oder Steuerberater in einem begr\u00fcndeten Verdacht, Bucheinsicht in seine Buchf\u00fchrung nehmen zu lassen.<\/p>\n<h4>10. Gerichtsstand, Erf\u00fcllungsort<\/h4>\n<p align=\"LEFT\">10.1 Sofern der Auftraggeber Kaufmann ist oder keinen Gerichtsstand in der Bundesrepublik Deutschland hat, wird&nbsp;Essen als Gerichtsstand vereinbart.<\/p>\n<p>10.2 Erf\u00fcllungsort ist Essen.<\/p>\n<h4>11. Sonstige Bestimmungen<\/h4>\n<p align=\"LEFT\">11.1 Nebenabreden zu diesem Vertrag sind nicht getroffen. \u00c4nderungen oder Erg\u00e4nzungen bed\u00fcrfen zu ihrer Rechtswirksamkeit der Schriftform.<\/p>\n<p align=\"LEFT\">11.2 Der Auftraggeber ist nicht berechtigt, seine Anspr\u00fcche aus dem Vertrag abzutreten.<\/p>\n<p align=\"LEFT\">11.3 Es gilt das Recht der Bundesrepublik Deutschland.<\/p>\n<p align=\"LEFT\">11.4 Die Auftragsabwicklung erfolgt innerhalb der GDS BUSINESS INTELLIGENCE GMBH mit Hilfe automatischer Datenverarbeitung. Der Auftraggeber erteilt hiermit der GDS BUSINESS INTELLIGENCE GMBH seine ausdr\u00fcckliche Zustimmung zur Verarbeitung im Rahmen vertraglicher Beziehungen bekanntgewordener und zur Auftragsabwicklung notwendiger Daten.<\/p>\t\t\t\t\t\t\t\t<\/div>\n\t\t\t\t<\/div>\n\t\t\t\t\t<\/div>\n\t\t\t\t<\/div>\n\t\t\t\t<\/div>\n\t\t","protected":false},"excerpt":{"rendered":"<p>Allgemeine Gesch\u00e4ftsbedingungen Stand: 19.07.2024 1. Gegenstand des Vertrages 1.1 Die nachstehenden allgemeinen Gesch\u00e4ftsbedingungen gelten f\u00fcr alle Rechtsgesch\u00e4fte der GDS Business Intelligence GmbH&nbsp;mit ihrem Vertragspartner, nachstehend \u201eAuftraggeber\u201c genannt. 1.2 Gegenstand des Vertrages ist die Erbringung von Beratungs-, Schulungs-, Softwareentwicklungs- und weitergehenden Dienstleistungen f\u00fcr den IT- und Non-IT-Bereich durch GDS BUSINESS INTELLIGENCE GMBH&nbsp;und\/oder von der GDS BUSINESS&#8230;<\/p>\n","protected":false},"author":1,"featured_media":0,"parent":0,"menu_order":0,"comment_status":"closed","ping_status":"closed","template":"redux-templates_full_width","meta":{"footnotes":""},"class_list":["post-7861","page","type-page","status-publish","hentry"],"_links":{"self":[{"href":"https:\/\/gds-business-intelligence.de\/index.php?rest_route=\/wp\/v2\/pages\/7861","targetHints":{"allow":["GET"]}}],"collection":[{"href":"https:\/\/gds-business-intelligence.de\/index.php?rest_route=\/wp\/v2\/pages"}],"about":[{"href":"https:\/\/gds-business-intelligence.de\/index.php?rest_route=\/wp\/v2\/types\/page"}],"author":[{"embeddable":true,"href":"https:\/\/gds-business-intelligence.de\/index.php?rest_route=\/wp\/v2\/users\/1"}],"replies":[{"embeddable":true,"href":"https:\/\/gds-business-intelligence.de\/index.php?rest_route=%2Fwp%2Fv2%2Fcomments&post=7861"}],"version-history":[{"count":16,"href":"https:\/\/gds-business-intelligence.de\/index.php?rest_route=\/wp\/v2\/pages\/7861\/revisions"}],"predecessor-version":[{"id":8048,"href":"https:\/\/gds-business-intelligence.de\/index.php?rest_route=\/wp\/v2\/pages\/7861\/revisions\/8048"}],"wp:attachment":[{"href":"https:\/\/gds-business-intelligence.de\/index.php?rest_route=%2Fwp%2Fv2%2Fmedia&parent=7861"}],"curies":[{"name":"wp","href":"https:\/\/api.w.org\/{rel}","templated":true}]}}